False
Suppose -10*j = -4*j - 27126. Is 12/6*(j/2)/3 a prime number?
False
Let n(l) = -l**2 - 5*l - 3. Let o be n(-4). Let y = o + -1. Suppose -4*d + d + 669 = y. Is d a prime number?
True
Suppose s = -o - 62 - 13, -4*s = -4*o - 284. Let u = 1 - o. Is u prime?
False
Suppose 28*k = 22*k + 8970. Let g = k - 18. Is g a prime number?
False
Let x(r) = -3 - r - 7*r**2 - 4*r - 2 - r**3 + 4*r. Let b be x(-7). Suppose -a = -3*a, -b*s - 4*a + 14 = 0. Is s a prime number?
True
Let b(u) = 13*u**2 + 3*u - 3. Let y(c) = -c**3 + 5*c**2 + 3. Suppose 0 - 25 = -5*r. Let h be y(r). Is b(h) a prime number?
False
Suppose -5*d + p = -2*p - 897148, 2*d - 3*p - 358861 = 0. Is d composite?
False
Let a = 33 - 27. Is 6/(-18) + 1/(a/5468) a prime number?
True
Let n(d) = -d**3 - 11*d**2 - 4*d - 43. Let v be n(-18). Let q = v - 1418. Is q composite?
True
Suppose 88614 + 17109 = 9*j. Is j prime?
False
Is 112/(-32)*12588/(-21) a composite number?
True
Let i be 1058*-3*(-1)/(-3). Is (0 + 3)*i/(-6) composite?
True
Let z(k) = -k**3 - 4*k**2 + 6*k - 6. Let x be z(-5). Let l = x - -6. Is l/40 + (-745)/(-8) composite?
True
Let l(i) = 42*i**3 - 2*i**2 + 9*i - 6. Suppose 0 = 4*h - 11 - 1. Is l(h) a composite number?
True
Suppose 6 = 5*i - 14. Suppose -t + 5*x - 23 = -7, 2*t - i = x. Suppose -t*q + q = -1473. Is q a composite number?
False
Is 79/(-395) - (27842/(-10) - 1) prime?
False
Let i(k) = -k**2 - 11*k + 1. Let t(f) = f - 4. Let d be t(-5). Is i(d) composite?
False
Let s be (-161)/9 - 6/54. Let j = s + 255. Is j a composite number?
True
Let b = 36 + -34. Suppose -638 = -h + 3*c, 0*h - c = b*h - 1269. Is h a prime number?
False
Suppose 5*k - 2*t - 50159 = 0, 5*t = k + 4*k - 50150. Is k a prime number?
False
Suppose 40 = 7*q + q. Suppose b - q*r - 1686 = 0, 4*b - r + 2383 = 9070. Is b prime?
False
Let b = -25 - 0. Suppose 0 = 2*j - 4*s + 3*s - 125, 0 = -4*j + 4*s + 252. Let t = j + b. Is t a prime number?
True
Suppose -3*g = 2*p - 37353, -5*g = 42*p - 44*p - 62255. Is g prime?
True
Let n(y) be the third derivative of -3*y**4/2 + 5*y**3/6 - 2*y**2. Let v be ((-75)/45)/(2/12). Is n(v) a prime number?
False
Suppose 0 = -3*h - 0 - 3. Is h + 1*1330/5 composite?
True
Suppose -5*i - 4*s + 85 = 0, 5*s = 4*s + 5. Suppose -4*k = -17 + i. Is 1 - (-142 + (-2)/k) composite?
True
Let v(a) = a**2 + 6*a - 26. Let w be v(-12). Suppose -w = -b + 155. Is b composite?
True
Let g be 4/6 + 935/33. Suppose -l = 15 - g. Let f = 65 - l. Is f a composite number?
True
Suppose -184629 = -7*y + 636926. Is y prime?
False
Suppose 5*k - 2*v = -11, 2*k - 3*k = 5*v - 14. Let j(x) = -x**3 - 2*x**2 - x. Let c be j(k). Suppose t - 10 - 13 = c. Is t a composite number?
False
Suppose 0 = -4*f + 3 + 5. Suppose f*w - 5 = 5, 5*w + 634 = l. Suppose l = 4*i + 63. Is i a composite number?
False
Suppose 5*x + 3143 = 3*f + 128, -x = -4*f + 4020. Let k = f - 556. Is k a composite number?
False
Let p(c) = -41*c - 132. Is p(-11) a prime number?
False
Suppose 4*t + 4*l = 8*l + 124236, t - 31083 = -5*l. Is t prime?
True
Suppose -g - i = -2524, -g = -6*g - 4*i + 12617. Is g prime?
True
Let x = -20550 + 3160. Is (-1 - -5)*x/(-40) a composite number?
True
Let w(n) = 5*n**2 + n + 16. Let q(c) = -4*c**2 - c - 17. Let l(m) = -6*q(m) - 5*w(m). Let u = -21 + 21. Is l(u) composite?
True
Suppose 2*n + 34 = 3*q, q - 4*n - 5 - 3 = 0. Is (-894)/(-10)*(q - 7) composite?
True
Let w = 560 + -496. Let p(b) = 2*b**3 - 4*b**2 + 6*b - 9. Let s be p(6). Let j = w + s. Is j a composite number?
False
Is 0/4 - -2429 - 0 a prime number?
False
Let j = 2478 + -1417. Is j prime?
True
Let i be (10/3)/((-24)/(-36)). Suppose -4*w - 43 - i = 0. Is (-2)/(-12) - 2386/w a composite number?
False
Let h(d) = 2*d + 4 + 2*d + 3 + d**2 - 4. Let r be h(-4). Suppose -5*w + 3*m = -2592, -3*m + 576 = -r*w + 2130. Is w prime?
False
Suppose -5 - 1 = -3*g. Suppose 0 = 4*t - t - 2*i - 17615, 2*i - 11750 = -g*t. Is t composite?
True
Suppose 0 = -4*h + 5*l + 8, 3*l + 3 + 0 = 3*h. Is (h - -2)/(2/4) + 129 prime?
True
Suppose 0 = h - 5, 9*h - 6*h + 3732 = 3*p. Is p a prime number?
True
Let k(j) = -j**3 + 12*j**2 + j - 9. Let r be k(12). Let h(t) = 11*t**3 - 2*t**2 + 2*t + 2. Is h(r) prime?
False
Let h(m) = -m**3 + 5*m**2 - 4*m + 5. Let a = -4 + 8. Let i be h(a). Suppose 2*k = i*u + 7*k - 160, -2*k = -2*u + 68. Is u a composite number?
True
Suppose -14 = -4*b + 2*t, b = 4*b + 3*t + 3. Suppose -2060 = -5*l + 5*g, -b*l - g = -0*g - 809. Is l a composite number?
True
Suppose -4*b + 4 = -4. Suppose 22 - b = -5*f. Is (-1 - f) + (51 - 1) a prime number?
True
Suppose 95*r = 91*r + 30676. Is r a composite number?
False
Suppose 25*x - 191996 = -3*x. Is x composite?
False
Let a(m) = m + 2. Let w(q) = 6*q + 15. Let d(b) = 27*a(b) - 4*w(b). Let u be d(-9). Is (-7353)/u + 2/11 a composite number?
False
Suppose 1 = 5*w - 14. Suppose w*b - 5*f - 3777 = -0*b, -2518 = -2*b + 2*f. Is b a prime number?
True
Suppose 5*h - 5*w = 0, -w + 6*w = -5*h + 10. Suppose 56 - 16 = 5*p. Let q = p - h. Is q a composite number?
False
Suppose -2*g = -g - n + 3531, 3*g + 10553 = -5*n. Let c = g + 7313. Is c composite?
True
Let g = 13 + -12. Let a be (190/g - -3)*1. Suppose -c - c - 189 = -s, -2*c = s - a. Is s a prime number?
True
Suppose -q = 0, -5*u + 2*u = 4*q - 3642. Let o = -559 + u. Is o prime?
False
Let k = 32 + -59. Let b = -3 - k. Is (-1339)/(-6) - 4/b prime?
True
Let h = -10923 + 18754. Is h prime?
False
Let g = 5 - -21. Suppose -23*d + g*d = 1113. Is d composite?
True
Let c(x) = x**3 + 11*x**2 - 6*x + 14. Let g be c(11). Suppose -2*w = 4*w - g. Is w*1/(-12)*-4 a prime number?
False
Let h = 34500 - -881. Is h composite?
False
Suppose 0 = 12*y - 4*y - 6688. Let x = 51 + y. Is x a prime number?
True
Suppose 9*p + 106181 = 2*j + 14*p, -4*j + 212337 = 5*p. Is j prime?
False
Let y(d) = d**2 + 13*d + 16. Let h = 9 - 21. Let r be y(h). Suppose 4*t - 140 = -5*l - 0*l, 0 = r*l. Is t a composite number?
True
Suppose 4*o - 3*d = 13, -5*d - 17 = -3*o + o. Is 242*(o - (-2)/(-4)) a prime number?
False
Suppose 6*z - z + j = 22051, 8802 = 2*z + 5*j. Is z a composite number?
True
Suppose 3*y = -p + 2*p - 1042, -2*p + 2082 = -4*y. Is p a prime number?
True
Suppose d - 6 = -d. Suppose -18 = -d*f + f. Is f prime?
False
Suppose 0*b - 16 = -8*b. Suppose p = 5*i - 251, -b*p - 2*p = -3*i + 137. Is i a prime number?
False
Let b(c) be the first derivative of c**5/30 - c**3/2 + 5*c**2/2 + 4. Let f(m) be the second derivative of b(m). Is f(7) a prime number?
False
Let f(a) = 2*a - 4. Let m = 2 + 1. Let b be f(m). Suppose -b*h = y - 89, 2*y + 5*h - 181 = -0*h. Is y prime?
True
Suppose 0 = -4*q + 3*y + 149077, -7*q + 2*q + 186375 = 2*y. Is q prime?
True
Let g(o) = o**3 - 6*o**2 + 4*o + 7. Let z be g(4). Let i be 6/(1 - 2)*z. Suppose -76 - i = -2*c. Is c composite?
True
Suppose -6199 = -4*h + 2469. Let o = -285 + h. Suppose -5*z + o = 47. Is z prime?
True
Is -16869*(-2 + (-25)/(-15)) prime?
True
Let s = -12362 + 169311. Is s a composite number?
True
Suppose -3*v - 12492 - 9593 = -4*l, -3*v + 22067 = 4*l. Is l a composite number?
False
Suppose -31 = -4*z - 5*c, 2*c + 6 = -z + 16. Let a(t) = 2*t**3 - 7*t**2 + t + 7. Let k be a(5). Suppose 0 = 5*y - 5, -z*f + k + 1226 = -3*y. Is f composite?
True
Suppose -242142 - 100032 = -42*n. Is n composite?
False
Let h(w) = 1868*w - 2. Let z be h(2). Is 8/32 + z/8 a composite number?
False
Suppose 3*r = -3*i + 1539, 4*r = -5*i + 1499 + 1062. Suppose -i = -z + 4*t, -3*t = 2*z + 2*z - 2036. Is z a prime number?
True
Suppose 3798 = 21*i - 18*i. Suppose -3*a + 760 + i = f, 0 = -3*a - 5*f + 2030. Let t = 1154 - a. Is t prime?
True
Suppose -3424 = -2*w - 2*b, 6*w + 1706 = 7*w - b. Is w composite?
False
Let q(k) = k + 8. Let p be q(-8). Suppose p = -6*h + 2*h - 208. Let x = 891 + h. Is x prime?
True
Suppose 0 = -6*q + 244857 + 54261. Is q a composite number?
False
Let i be (3 - 8)*(-4)/5. Suppose 2*d = k - 273, d - 791 = k - i*k. Is k a composite number?
True
Let c(j) = 1119*j + 11. Let n(r) = 2238*r + 23. Let w(m) = -9*c(m) + 4*n(m). Is w(-2) composite?
True
Let t be -2 + 4 - 6/(-3). Suppose -523 = 2*g - r, -276 = g - t*r + 3. Is g/(-7)*(1 + 0) composite?
False
Is (-6)/(-18) + -30*4616/(-36) prime?
True
Let s(l) = -2*l + 12. Let a be s(13). Let d = -3 - a. Suppose -d = -b + 112. Is b a composite number?
Tr